 = 34*g**2 - 64*g + 177. Calculate f(3).
291
Let z(o) = -o**3 + 12*o**2 - 3*o + 223. Give z(13).
15
Let h(z) = 4*z**3 + 29*z**2 + 23*z + 11. Calculate h(-1).
13
Let n(v) = -6*v**3 + 78*v**2 - 186*v + 57. Give n(10).
-3
Let t(d) = -d**2 - 123*d - 2294. Give t(-100).
6
Let k(w) = -w**2 - 169*w + 15217. Determine k(65).
7
Let p(s) = -20*s**3 + 2*s**2 + 4*s - 3. Calculate p(2).
-147
Let z(x) = -x**3 + 70*x**2 + 216*x + 228. Determine z(73).
9
Let g(r) = -5*r**2 + 2764*r + 13942. Determine g(-5).
-3
Let w(k) = 88*k + 1151. What is w(-13)?
7
Let y(k) = -2*k**2 - 31*k + 146. Determine y(-19).
13
Let d(v) = v**3 + 6*v**2 - 520*v + 6. Determine d(-26).
6
Let n(w) = -3*w**2 + 5049*w - 35191. Give n(7).
5
Let w(t) = t**3 + 35*t**2 + 37*t + 121. Calculate w(-34).
19
Let h(i) = i**2 + 54*i + 80. Calculate h(-55).
135
Let l(j) = -j**2 - 17*j + 304. Determine l(11).
-4
Let d(z) = z**3 + 37*z**2 - 36*z + 111. Determine d(-38).
35
Let n(p) = -127*p + 901. Give n(7).
12
Let y(k) = 17*k**2 + 40*k - 158. Determine y(-6).
214
Let s(g) = -6*g**3 + 15*g**2 - 15*g + 23. Determine s(2).
5
Let x(j) = j**3 - 18*j**2 + 39*j + 72. Determine x(15).
-18
Let c(t) = -4*t**2 - 3*t + 68. Give c(0).
68
Let o(p) = -68*p**2 - 811*p + 55. Determine o(-12).
-5
Let f(i) = 3*i - 66. Determine f(18).
-12
Let w(j) = j**3 + 2*j**2 - 2*j + 41. Determine w(0).
41
Let k(i) = -2*i**2 - 40*i - 60. Calculate k(-18).
12
Let c(x) = 2701*x + 35104. Determine c(-13).
-9
Let l(f) = f**3 - 154*f**2 - 158*f + 468. Determine l(155).
3
Let b(o) = -o**3 + 11*o**2 - 32*o + 22. Calculate b(7).
-6
Let h(l) = 29*l - 889. Calculate h(34).
97
Let n(v) = -647*v**2 + 49*v - 46. Calculate n(1).
-644
Let m(j) = -21*j - 76. Calculate m(-4).
8
Let n(j) = -j**3 - 24*j**2 + 16*j - 153. Calculate n(-25).
72
Let t(r) = -r**3 - 21*r**2 + 69*r + 40. Give t(-23).
-489
Let j(a) = 58*a + 295. Determine j(-7).
-111
Let f(l) = l**3 + 58*l**2 - 202*l - 1124. Determine f(-61).
35
Let o(t) = 13*t + 208. What is o(-15)?
13
Let t(r) = 2*r**3 + 89*r**2 + 349*r - 434. Determine t(-40).
6
Let v(o) = -16258*o - 65027. Calculate v(-4).
5
Let y(h) = 1144*h + 6850. Give y(-6).
-14
Let s(d) = 2*d**3 + 145*d**2 + 44*d - 2012. Determine s(-72).
4
Let x(k) = 7*k + 126. What is x(-38)?
-140
Let y(a) = -25*a - 469. Determine y(-17).
-44
Let k(d) = -2*d**3 - 27*d**2 - 84*d - 27. Give k(-9).
0
Let q(o) = 449*o + 1376. Calculate q(-3).
29
Let z(r) = -45*r**3 + r**2. Determine z(1).
-44
Let m(n) = -2*n - 40. What is m(6)?
-52
Let b(s) = -51*s + 176. Calculate b(7).
-181
Let w(j) = -24*j + 291. What is w(7)?
123
Let n(f) = -4*f**2 + 109*f - 39. What is n(27)?
-12
Let k(o) = o**3 - 4*o**2 + 20*o + 35. What is k(8)?
451
Let g(w) = -3*w**3 + 148*w**2 - 45*w - 218. Determine g(49).
-22
Let s(q) = 586*q + 6442. Calculate s(-11).
-4
Let l(s) = -s - 24. What is l(-26)?
2
Let p(z) = -31*z + 1608. Give p(52).
-4
Let w(b) = -6*b**2 - 76*b - 14. Calculate w(-11).
96
Let u(f) = 39*f - 17. Determine u(4).
139
Let r(a) = -a**3 + 8*a**2 - 4*a + 2. What is r(-6)?
530
Let n(w) = -9*w**2 - 145*w - 33. Calculate n(-7).
541
Let t(k) = k**3 + 3*k - 12. Calculate t(3).
24
Let d(u) = u**3 + 38*u**2 + 288*u + 86. Give d(-10).
6
Let w(r) = 7*r - 91. Determine w(40).
189
Let v(r) = -33*r**2 + 3427*r + 519. Calculate v(104).
-1
Let o(f) = 5*f + 18. What is o(4)?
38
Let n(k) = 962*k + 137566. What is n(-143)?
0
Let l(i) = 196*i + 1409. What is l(-6)?
233
Let c(i) = 4*i**3 + 20*i**2 - 24*i - 11. Give c(-6).
-11
Let b(w) = 2*w**3 + 23*w**2 + 50*w + 43. What is b(-9)?
-2
Let u(i) = 313*i + 564. What is u(-2)?
-62
Let h(f) = -f**3 - 12*f**2 - 42*f - 224. Give h(-10).
-4
Let k(b) = b**2 - 44*b + 171. Determine k(33).
-192
Let a(g) = 2*g**2 + 352*g + 4536. Give a(-14).
0
Let y(z) = z**2 - 21*z - 163. What is y(-6)?
-1
Let b(y) = 7*y**3 + 67*y**2 + 12*y - 21. What is b(-9)?
195
Let w(o) = o**2 + 54*o + 357. Give w(-8).
-11
Let h(x) = 2*x**3 + 9*x**2 - 44*x - 203. Calculate h(-5).
-8
Let w(u) = u**3 + 3*u**2 - 5*u - 86. What is w(0)?
-86
Let f(y) = -4*y**3 - 119*y**2 - 86*y + 33. Determine f(-29).
4
Let c(l) = 37*l + 809. Determine c(-20).
69
Let t(d) = -d**2 + 71*d + 491. What is t(78)?
-55
Let i(t) = -t**3 - t**2 - 11*t - 5. Determine i(0).
-5
Let d(x) = -124*x - 10288. Determine d(-83).
4
Let r(z) = 319*z + 23933. What is r(-75)?
8
Let n(b) = 563*b - 24. Determine n(1).
539
Let s(l) = -21*l**2 - 1615*l + 151. Determine s(-77).
-3
Let y(b) = 3*b**3 + 30*b**2 + b. What is y(-10)?
-10
Let r(i) = -7*i**3 + 1418*i**2 + 608*i + 373. Calculate r(203).
170
Let j(z) = -5*z**2 - 327*z + 1356. Calculate j(-70).
-254
Let k(p) = 6*p**3 + 132*p**2 + 8*p + 183. Calculate k(-22).
7
Let l(u) = -u**3 - 8*u**2 + 238*u + 2154. What is l(-14)?
-2
Let z(w) = -w**3 - 44*w**2 - 384*w - 449. What is z(-10)?
-9
Let v(q) = 88*q - 666. Calculate v(8).
38
Let b(x) = 423*x + 2110. Calculate b(-5).
-5
Let w(s) = 7*s + 59. Determine w(-4).
31
Let o(c) = -c**2 + 108*c - 675. Give o(6).
-63
Let u(v) = 35*v + 810. Calculate u(-24).
-30
Let d(a) = 15*a**2 + 809*a - 67. What is d(-54)?
-13
Let d(k) = -596*k**2 + k. What is d(-1)?
-597
Let k(v) = 28*v - 84. What is k(5)?
56
Let r(u) = -36*u**2 - 35*u - 34. Calculate r(-1).
-35
Let j(z) = 27784*z + 388985. Calculate j(-14).
9
Let o(f) = -f**2 + 114*f - 858. What is o(8)?
-10
Let y(l) = 775*l + 3125. Determine y(-4).
25
Let h(m) = -15*m - 307. Give h(-18).
-37
Let x(q) = 15*q**2 - 459*q + 275. What is x(30)?
5
Let k(g) = 16*g**2 - 60*g + 29. Give k(3).
-7
Let o(w) = -2*w**3 - 23*w**2 - 63*w - 351. What is o(-10)?
-21
Let d(l) = -408*l + 1231. Give d(3).
7
Let t(q) = -2*q**3 + 36*q**2 - 35*q + 628. Determine t(18).
-2
Let u(q) = q - 24. Determine u(18).
-6
Let w(l) = -248*l + 2497. Calculate w(10).
17
Let u(q) = 7*q**2 - 14*q + 30. Calculate u(4).
86
Let q(s) = -s**3 + 91*s**2 + 176*s - 7709. Give q(92).
19
Let k(l) = 212*l - 24965. Calculate k(118).
51
Let g(t) = t**2 + 26*t + 56. Determine g(-2).
8
Let r(g) = 2*g**3 - 105*g**2 - 180*g + 944. What is r(54)?
-28
Let q(t) = -20*t**2 - 349*t + 183. Determine q(-18).
-15
Let s(z) = -2*z**2 - 102*z + 103. Give s(-52).
-1
Let l(z) = z**2 - 72*z - 824. What is l(-10)?
-4
Let p(s) = -2*s**2 - 11*s + 32. Give p(-8).
-8
Let n(i) = 2*i**2 + 85*i + 50. Give n(-41).
-73
Let y(t) = -2*t**3 - 97*t**2 + 51*t + 104. Calculate y(-49).
6
Let f(i) = 5531*i - 138280. What is f(25)?
-5
Let j(r) = 2*r**2 - 16*r - 61. Determine j(-3).
5
Let k(i) = i**2 + 63*i - 58. What is k(-64)?
6
Let n(o) = 4*o**2 + 21*o - 130. Give n(5).
75
Let q(x) = -57*x + 1429. Determine q(25).
4
Let o(w) = -w**3 - 15*w**2 - 11*w + 9. Determine o(-7).
-306
Let n(f) = f**3 - 5*f**2 - 52*f + 19. Give n(10).
-1
Let z(s) = -s**3 - 50*s**2 - 54*s - 227. Determine z(-49).
18
Let u(q) = -q**3 - 29*q**2 - 34*q - 12. Determine u(-28).
156
Let c(t) = 2*t**2 - 128*t - 541. Calculate c(68).
3
Let o(f) = -3*f**3 - 4*f**2 + 14*f + 114. Determine o(0).
114
Let a(z) = -z**2 - 64*z + 123. Calculate a(2).
-9
Let z(i) = -i**2 + 7*i + 1240. Give z(36).
196
Let z(n) = -1226*n - 15943. Give z(-13).
-5
Let d(t) = -886*t - 3537. Determine d(-4).
7
Let l(y) = 1506*y + 5932. Calculate l(-4).
-92
Let s(p) = 95*p + 8841. What is s(-93)?
6
Let p(j) = 3*j**2 + 16*j + 14. Give p(-6).
26
Let i(b) = 94*b**2 + 485*b - 7. Determine i(-5).
-82
Let y(f) = -900*f + 52196. Calculate y(58).
-4
Let d(n) = -24*n**2 + 188*n + 811. Determine d(11).
-25
Let y(l) = -7*l**3 + 944*l**2 - 799*l - 672. Determine y(134).
-2
Let f(b) = -154*b + 45. What is f(-2)?
353
Let y(z) = 2112*z + 29570. Calculate y(-14).
2
Let r(m) = -406*m**2 + 10*m + 8. Determine r(-1).
-408
Let l(w) = 3*w**3 + w**2 + 8*w - 14. Determine l(-3).
-110
Let i(z) = 2*z**2 + 1378*z - 2768. Calculate i(2).
-4
Let y(i) = 2*i**2 - 33*i + 55. Determine y(19).
150
Let m(u) = -3*u**2 + 26*u + 8. What is m(9)?
-1
Let h(c) = -242*c - 3921. What is h(-16)?
-49
Let m(w) = w**3 - w**2 + 12. What is m(4)?
60
Let v(o) = -3*o**3 + 21*o**2 - 108*o + 699. Determine v(7).
-57
Let y(n) = 13*n**2 + 242*n - 72. What is y(-19)?
23
Let b(y) = 7*y**3 + 68*y**2 + 7*y - 5. Calculate b(-9).
337
Let m(k) = -9*k**2 - 180*k + 4. Give m(-20).
4
Let m(f) = 6*f**2 + 23*f + 9. Calculate m(-3).
-6
Let s(h) = 26*h - 57. What is s(5)?
73
Let v(k) = -15*k**3 - 5*k**2 + 15*k - 17. D